 + 129 = 3*s - 0*o. What are the prime factors of s?
2, 3, 7
List the prime factors of ((-103132)/590)/((-3)/(-285)*-1).
2, 19, 23
Let o be ((-1 - -11) + 0)*9440/100. Let g = -286 + o. List the prime factors of g.
2, 7, 47
Suppose -2*a = 3*i - 15544, -23*a + 25*a - 15538 = -2*i. What are the prime factors of a?
7, 1109
Suppose 1910831 - 3443300 = -144*x + 7764747. What are the prime factors of x?
2, 16141
Let o be 1 - (1 + 4) - 0. Let v be (0 + (-2)/o)*18. Suppose 4*x + f - 744 = 0, 0 = -x - 4*f + 192 + v. List the prime factors of x.
5, 37
Suppose 3*v - 297 = 14*v. What are the prime factors of v/162 - ((-4423)/6 - 1)?
2, 3, 41
Suppose 0 = 2*f + 2*a - 0 - 6, -2*f = 3*a - 7. Let g(j) = -14*j - 48. Let m(i) = 14*i + 48. Let y(w) = f*m(w) + 3*g(w). What are the prime factors of y(-13)?
2, 67
Suppose -k + 35 = -8*k. Let m be k + 4 + (-3)/(-3). Suppose 5*f - 2*f - 5*z - 109 = m, 5*f - 155 = 3*z. List the prime factors of f.
2, 7
Let u be (458/5)/(6/285). Let j = -2259 + u. What are the prime factors of j?
2, 523
Suppose -5*l + 13*k = 17*k - 112508, -k = -7*l + 157465. What are the prime factors of l?
2, 19, 37
Let t(y) = y**3 - 2*y**2 - 4*y + 16. Let d be t(4). Suppose -37*p + 5110 = -d*p. List the prime factors of p.
2, 7, 73
Let z = -4 + 14. Suppose 0 = -2*i - w - z - 2, 2*i - w = -12. List the prime factors of ((-8)/i)/((-2)/(-165)).
2, 5, 11
Suppose -3*d + 7*d + 8 = 0. What are the prime factors of (d/((-8)/(-26)))/((-19)/684)?
2, 3, 13
Let u = -10650 - -18036. What are the prime factors of u?
2, 3, 1231
Suppose 38 = -4*d - 2. Let p be (-2 - 24/d)*5. Suppose 4*k + 166 = p*s, -2*s + 118 + 39 = 5*k. List the prime factors of s.
3
Suppose -18*q = -14*q. Suppose q = -u - 14*u + 11775. List the prime factors of (u/4)/5*4.
157
Let i(y) = -55*y**2 + 9*y + 8. Let q be i(-2). List the prime factors of (-2485)/(-2) - 23/(q/15).
2, 311
Let t = -3162 + 9905. List the prime factors of t.
11, 613
Suppose -4*b + 56346 = -899*r + 900*r, 5*b + r - 70431 = 0. List the prime factors of b.
3, 5, 313
Suppose 4*r = -2*u + 50, 40 = 4*r + r - 5*u. Suppose 3*w = r*w - 1080. Suppose -6*p = -117 - w. List the prime factors of p.
2, 3, 7
Suppose 15*r - 32 = -r. Suppose -8 = -2*q - r*q. Suppose -q*a + 4*a = 0, 5*g = 4*a + 1430. What are the prime factors of g?
2, 11, 13
Suppose -4*a + 6740 = 3647 - 4247. List the prime factors of a.
5, 367
Suppose -249*b + 119250 = -204*b. What are the prime factors of b?
2, 5, 53
Suppose -5*v - 9 - 1 = 0. Let m(o) = 24*o**3 - 2*o + 1. Let x(h) = 73*h**3 - 7*h + 3. Let n(r) = -7*m(r) + 2*x(r). List the prime factors of n(v).
5, 7
Let o be 8 + (-5)/((-15)/(-42)). What are the prime factors of (-26754)/(-52) + 15/o?
2
Suppose 2*z - 3*z = 2*i + 19, 0 = 5*i - 5*z + 55. Let u(h) = -31*h - 12. List the prime factors of u(i).
2, 149
Let o = -448 - -451. Suppose b = -2*x + 935, 7 = -5*x - o. What are the prime factors of b?
3, 313
Suppose 74 = 2*t - 2*b, 0 = -9*t + 12*t - b - 111. Suppose 32*r - 538 = -3*m + t*r, 0 = -3*m + r + 542. What are the prime factors of m?
181
Let b = 24 - 20. Suppose b*l - 24 = -4*l. Suppose l*p + p = -4*d + 200, 2*p = 4*d + 112. What are the prime factors of p?
2, 13
Let p be ((-2)/4)/(3/(-12)). Suppose 6 = q - w, 0 = -4*q - 0*w + p*w + 22. Suppose -3*b = 0, q*v + 4*b = -0*b + 285. What are the prime factors of v?
3, 19
Suppose 39*p - 10*p = 22939. Let o = -569 + p. What are the prime factors of o?
2, 3, 37
Let n = 39 + -31. Let r(j) = 2 + 21*j - n + 7. List the prime factors of r(2).
43
List the prime factors of 2605 - (184/(-18) + (-210)/(-945)).
5, 523
Let r(x) be the first derivative of 28*x**3/3 + x**2 - 31*x + 47. What are the prime factors of r(4)?
5, 17
List the prime factors of (-70)/245 + 4689/21*1.
223
Let l(w) = -343*w + 10. Let u = -42 + 47. Let k(g) = 172*g - 5. Let p(h) = u*k(h) + 2*l(h). What are the prime factors of p(1)?
13
Suppose 127 = 5*r - 2*q, -4*q - 15 = 2*r - 85. Suppose r*l = 39687 - 3966. List the prime factors of l.
3, 7
Suppose -15*u + 40666 - 18454 = -25113. What are the prime factors of u?
5, 631
Suppose -32083 = -4*l + 3*m + 8367, 0 = 4*l + 3*m - 40462. List the prime factors of l.
2, 13, 389
Suppose 0 = -5*n + 2*h + 22, -4*n + 10 = -n + 2*h. Let i(t) = -t - n*t**3 - 1 + 6*t**2 - t - 7*t**2. What are the prime factors of i(-2)?
31
What are the prime factors of 27/(216/81712) + 7?
3, 3407
Let f = -14 + 18. Suppose 2*b + l = f*b - 414, -2*l + 4 = 0. Suppose -c + b = 4*o, 2*c = -c - 12. List the prime factors of o.
53
Let q(v) = -16*v + 3372. What are the prime factors of q(93)?
2, 3, 157
Suppose b - 2 = 2. Suppose -3*v + 2*d + 151 = 0, 0 = -2*d - 2*d + b. Suppose a - v = -3*m, 2*a - 212 = -2*a - 4*m. What are the prime factors of a?
2, 3
Let k = -85 + 83. What are the prime factors of (35 + k)/((-4)/(-48))?
2, 3, 11
Let z be 1428/2*7/2. Let s = -675 + z. List the prime factors of s.
2, 3, 19
Let k be (1 - (-4 - -6))*-2. Let q(o) = o**2 - 2*o + 2. Let s be q(k). Suppose 2*w - 2*h - 116 = w, -272 = -s*w - 4*h. List the prime factors of w.
2, 3, 7
Let o(d) = 8*d + 117. Suppose 5*v + 5*g = 15, -6*v + g = -4*v - 6. List the prime factors of o(v).
3, 47
Let g = 64 - 56. Suppose 0 = 5*p - 3*c + g*c - 2835, -3*c - 15 = 0. What are the prime factors of p?
2, 11, 13
What are the prime factors of 45483/2*(1/(-11) - (-423)/297)?
2, 15161
What are the prime factors of -1*((-90876)/30 - (-1)/5)?
13, 233
Suppose -218*i + 18540 = -213*i. List the prime factors of i.
2, 3, 103
Suppose -2*x - 4*b - 2151 = -3*x, 0 = 5*b. List the prime factors of x.
3, 239
Let n(d) = -3*d**2 - 26*d - 35. Let u be n(-6). Suppose -u*b + 321 = -10*b. What are the prime factors of b?
107
What are the prime factors of (-30)/(-4)*230/15*(-1008)/(-9)?
2, 5, 7, 23
Let y be (-14)/105 + 54454/30. Suppose 5*i + y = 5*o, -2*i + 0 = -2. List the prime factors of o.
2, 7, 13
Let q(x) = x**2 + 23*x + 129. Let z be q(-13). List the prime factors of (-3 + z - (-4 + -928)) + 5.
3, 311
Let k = -11303 - -20740. List the prime factors of k.
9437
Let d(q) = q**2 + 7*q + 14. Let y(p) = -3*p + 19. Let t be y(-3). Suppose 0*z = 2*f - 4*z + t, 4*f = -3*z - 1. List the prime factors of d(f).
2
Let w(h) = -5*h**2 + 20*h + 8. Let c be w(4). Suppose 15*u - 12313 = c*u. What are the prime factors of u?
1759
Let p(z) = 20*z**2 - z + 17. Let f be p(-4). Suppose 330*m + 7293 = f*m. What are the prime factors of m?
3, 13, 17
Suppose 3*m - 21 = -6*d + 4*d, -5*m + 27 = 2*d. Suppose 0 = d*w - 9817 + 1921. List the prime factors of w.
2, 7, 47
Let c(k) = k**2 + 90*k - 842. What are the prime factors of c(66)?
2, 29, 163
Let y = -171 + 173. Suppose 567 = n + y*n. List the prime factors of n.
3, 7
Let a = -2543 + 2754. List the prime factors of a.
211
Let u(c) = c**2 + 114. List the prime factors of u(0).
2, 3, 19
Let t(g) = -4*g**3 + 9*g**2 - 11*g + 56. What are the prime factors of t(-6)?
2, 5, 131
Let s be (64/(-6))/(36/378). What are the prime factors of -2*8/(s/1897)?
271
Let r(y) = y**3 + 15*y**2 + 4*y - 29. Suppose w = -2*w - 5*d - 64, 2*w - 3*d + 11 = 0. List the prime factors of r(w).
257
Suppose 0 = -5*g - s + 74954, 0 = -23*g + 18*g - 4*s + 74936. What are the prime factors of g?
2, 937
Suppose 5*f + 25 = 5*d, 2*d - f + 0*f = 7. Let t(i) = 27*i**3 - 26*i**3 + 7*i + 13*i**2 - 19*i + d - 14. What are the prime factors of t(-13)?
2, 3
Let j = 121 + -112. What are the prime factors of 1/(-3)*-185*j?
3, 5, 37
Let c = -19081 + 37794. List the prime factors of c.
18713
Let k(v) = v**3 + 11*v**2 + 7*v - 20. Let c be k(-10). Suppose -11*p + 1554 = c*p. What are the prime factors of p?
2, 37
Suppose 2*o + 16 = 4*i, -o + 8 - 24 = -4*i. Suppose o = 3*l - 159 + 825. Let x = l + 415. List the prime factors of x.
193
Let w = 8655 - -45030. List the prime factors of w.
3, 5, 1193
Suppose -81*g - 3724 = -130*g. Let m(a) = 19*a - 1. Let b be m(-4). Let f = g - b. What are the prime factors of f?
3, 17
Let w be 5*(0 + -5 - -4). Let o(r) = 23*r**2 - 28*r - 109. What are the prime factors of o(w)?
2, 3, 101
Suppose -5*d - 1165 = -2*r + 1077, -2*d - 2*r = 908. List the prime factors of (d/(-60))/(6/104).
2, 5, 13
Let k = -158 - -151. What are the prime factors of (-276)/k + 9/84*-4?
3, 13
Suppose -27*q + 15 = -24*q. Suppose -163 = -3*f + 5*w + 84, -q*w - 10 = 0. What are